{"id":99,"date":"2016-04-27T15:56:14","date_gmt":"2016-04-27T14:56:14","guid":{"rendered":"http:\/\/gullhov.se\/wordpress\/?page_id=99"},"modified":"2023-10-23T11:40:19","modified_gmt":"2023-10-23T10:40:19","slug":"kontakt","status":"publish","type":"page","link":"https:\/\/gullhov.se\/wordpress\/kontakt\/","title":{"rendered":"Kontakt"},"content":{"rendered":"<p>\u00c4r du intresserad och vill b\u00f6rja rida?<br \/>Ring och boka tid!<\/p>\n<p>Ridklubben Gullhov<br \/>M\u00e5kerud<br \/>548 74 G\u00e5rdsj\u00f6<\/p>\n<p>Telefon: 070 203 20 09<\/p>\n<p>Bokning och fr\u00e5gor till instrukt\u00f6ren Inger Bald:\u00a0<a href=\"mailto:ridskola@gullhov.se\">ridskola@gullhov.se<\/a><\/p>\n<p>Mer specifika fr\u00e5gor skickas till styrelsen\u00a0<a href=\"mailto:styrelse@gullhov.se\">styrelse@gullhov.se<\/a><br \/>ordf\u00f6rande Sabina Persson och kass\u00f6ren Marie Nordstr\u00f6m svarar s\u00e5 fort de kan.<\/p>\n<p>Vid sjukdom och f\u00f6rhinder skall avbest\u00e4llning ske till ridskolan p\u00e5 telefon senast kl. 14 samma dag. Det g\u00e5r bra att skicka sms. R\u00e4tt avbest\u00e4lld lektion kan i m\u00e5n av plats ridas igen under p\u00e5g\u00e5ende termin.<\/p>\n<p><strong>Styrelsen:<\/strong><\/p>\n<p>Ordf\u00f6rande:\u00a0 \u00a0 \u00a0 \u00a0Sabina Persson<\/p>\n<p>Vice ordf\u00f6rande:\u00a0 Patrik Garmenius<\/p>\n<p>Kass\u00f6r:\u00a0 \u00a0 \u00a0 \u00a0 \u00a0 \u00a0 \u00a0 Marie Nordstr\u00f6m<\/p>\n<p>Sekreterare:\u00a0 \u00a0 \u00a0 \u00a0Annica van Dorpel<\/p>\n<p>Ledamot:\u00a0 \u00a0 \u00a0 \u00a0 \u00a0 \u00a0Ida Nordstr\u00f6m,<\/p>\n<p>Suppleant:\u00a0 \u00a0 \u00a0 \u00a0 \u00a0Helena Kiss<\/p>\n\n\n<p><\/p>\n","protected":false},"excerpt":{"rendered":"<p>\u00c4r du intresserad och vill b\u00f6rja rida?Ring och boka tid! Ridklubben GullhovM\u00e5kerud548 74 G\u00e5rdsj\u00f6 Telefon: 070 203 20 09 Bokning och fr\u00e5gor till instrukt\u00f6ren Inger Bald:\u00a0ridskola@gullhov.se Mer specifika fr\u00e5gor skickas till styrelsen\u00a0styrelse@gullhov.seordf\u00f6rande Sabina Persson och kass\u00f6ren Marie Nordstr\u00f6m svarar s\u00e5 <span class=\"excerpt-dots\">&hellip;<\/span> <a class=\"more-link\" href=\"https:\/\/gullhov.se\/wordpress\/kontakt\/\"><span class=\"more-msg\">L\u00e4s mer &rarr;<\/span><\/a><\/p>\n","protected":false},"author":1,"featured_media":0,"parent":0,"menu_order":0,"comment_status":"closed","ping_status":"closed","template":"","meta":{"ngg_post_thumbnail":0},"_links":{"self":[{"href":"https:\/\/gullhov.se\/wordpress\/wp-json\/wp\/v2\/pages\/99"}],"collection":[{"href":"https:\/\/gullhov.se\/wordpress\/wp-json\/wp\/v2\/pages"}],"about":[{"href":"https:\/\/gullhov.se\/wordpress\/wp-json\/wp\/v2\/types\/page"}],"author":[{"embeddable":true,"href":"https:\/\/gullhov.se\/wordpress\/wp-json\/wp\/v2\/users\/1"}],"replies":[{"embeddable":true,"href":"https:\/\/gullhov.se\/wordpress\/wp-json\/wp\/v2\/comments?post=99"}],"version-history":[{"count":14,"href":"https:\/\/gullhov.se\/wordpress\/wp-json\/wp\/v2\/pages\/99\/revisions"}],"predecessor-version":[{"id":1361,"href":"https:\/\/gullhov.se\/wordpress\/wp-json\/wp\/v2\/pages\/99\/revisions\/1361"}],"wp:attachment":[{"href":"https:\/\/gullhov.se\/wordpress\/wp-json\/wp\/v2\/media?parent=99"}],"curies":[{"name":"wp","href":"https:\/\/api.w.org\/{rel}","templated":true}]}}